2)). Let t be (-11)/(-5) + (-5)/25. Let a(n) = -11*n**2 + 3 + 7*n**2 + 3*n**t - 6*n. Determine a(x).
-13
Let i(w) = w**2 - 3*w + 3. Let d(q) = -17*q + 5. Suppose 0 = 3*j + 2*o - 2, 0 = -0*j + j + 3*o - 10. Let x be d(j). Suppose -3*l - 30 = -x. Calculate i(l).
3
Let k = 4366 - 4363. Let v(n) = 12*n - 40. What is v(k)?
-4
Let v = -353 - -366. Let q(f) = f + v + 0 - 8. Calculate q(-3).
2
Let w = 171 + -146. Let u(c) = 2*c + 15 + c**2 + 1 + 7*c - w. What is u(-10)?
1
Let z = 599 - 586. Let a(g) = -2 - 2*g**3 - g**2 + 2*g + 14 - z. What is a(1)?
-2
Let j(l) = l**3 - 5*l**2 + 11*l - 4. Let t(k) = k**2 + 16*k + 32. Let v be t(-14). Calculate j(v).
24
Let y(v) = -13*v + 67. Let r be y(5). Let c(g) = g**3 + 4*g - 6*g**r + 3*g + 4 + 4*g**2 + 7*g**2. Calculate c(-4).
-8
Let g(x) = 11*x - 2*x - 8*x - 3*x + 56 - 6*x. What is g(8)?
-8
Let i(y) be the third derivative of y**5/60 - 7*y**4/24 + y**3 - 1213*y**2. Give i(7).
6
Let q(g) = 275*g**3 + 13*g**2 + 46*g - 77. Let z(u) = 97*u**3 + 5*u**2 + 16*u - 26. Let y(k) = -6*q(k) + 17*z(k). What is y(7)?
-8
Let y(z) = 3*z**3 + 9*z**2 + 2. Suppose -4*p = -4*h - 24, -15*p + 10*p = -2*h - 21. Calculate y(h).
2
Let h(n) = -n**3 - 9*n**2 - 8*n + 17. Let l(m) = 3*m**3 + 28*m**2 + 14*m + 37. Let d be l(-9). Calculate h(d).
17
Let h(l) be the third derivative of l**5/60 - l**4/3 - 11*l**3/6 - 556*l**2. Let i = 10 + -2. Give h(i).
-11
Let g be (-16)/(-20) - 192/(-160). Let l(y) be the first derivative of 8*y - 1/3*y**3 + 10 + 9/2*y**g. Give l(9).
8
Let y(c) = 3*c**3 - 6*c**2 - 30*c - 3. Let i(a) = -a**3 + 2*a**2 + 14*a + 1. Let u(d) = -9*i(d) - 4*y(d). What is u(4)?
-117
Let i(v) = -23*v**2 + 10*v + 8. Let m(z) = -77*z**2 + 31*z + 25. Let q(l) = 10*i(l) - 3*m(l). Give q(-4).
-7
Let p be 10/(-3) - (-4)/(-6). Let m(y) = y**2 + y + 6. Let b(j) = -j**2 - 2*j - 7. Let o be (-4)/7 + 544/(-224). Let t(k) = o*b(k) + p*m(k). What is t(3)?
-6
Let g(w) = -15*w**2 - 85*w + 19. Let l be g(-6). Let d(t) = 2*t**3 + 23*t**2 + 12*t + 15. What is d(l)?
4
Let m(t) be the second derivative of -t**3/6 + 11*t**2/2 - 61*t. Let u(s) = 2*s + 2. Let r(l) = -m(l) + 5*u(l). Calculate r(1).
10
Let b = 428 - 432. Let u(a) = -38 + 3*a + 11 + 21 + 6. Determine u(b).
-12
Let c be 40/6 - (-2)/(-3). Let q(w) be the third derivative of 7/6*w**3 - 1/120*w**6 - 4*w - 3/8*w**4 + 7*w**2 + 7/60*w**5 + 0. Determine q(c).
-11
Suppose 30*j = 10*j + 120. Let q be (8/12)/(2/15). Let f(k) = q*k - j*k + 2*k. What is f(6)?
6
Suppose -4*a = 5*n + 799 - 2334, 2*a = n - 293. Suppose -305*s + n*s = 8. Let u(h) = 2*h - 2. Determine u(s).
-10
Let n(y) = y + 4. Let m be (56/(-36) - -2)/((-6)/(-27)). Suppose 0 = 3*b + 12, m*z + 2 = 4*z - 3*b. Determine n(z).
-1
Let n(t) = -35*t - 2. Let i be n(-14). Let k be ((-5)/(-2))/(610/i). Let a(z) = z**3 - 6*z**2 + 5*z - 3. Determine a(k).
-9
Let b(f) = f**3 - 15*f**2 - 5*f + 77. Suppose -137*x + 52 + 1863 = -140. What is b(x)?
2
Let x(f) = 3*f + 23. Let k(y) = -12*y - 84. Let n(p) = -3*k(p) - 11*x(p). Calculate n(-6).
-19
Let a(y) = -5*y**2 - 7*y**2 - 13*y - 14 + 16*y**2 - 3*y**2. Calculate a(12).
-26
Suppose 17 - 5 = 3*z. Let l(s) be the second derivative of -s**4/12 + s**3/6 - s**2 - 783*s - 6. What is l(z)?
-14
Let j = -84 + 84. Suppose -40 = -8*b + 3*b - 5*p, 3*b - 2*p - 49 = 0. Let n(d) = 12 + b - d - 31. Give n(j).
-6
Let s(j) = 8*j**3 - 5 - 7*j**2 - 61*j**3 + 54*j**3 + 13*j. Determine s(3).
-2
Let n(s) be the second derivative of -3*s**5/5 - s**4/4 + s**3/2 - 2*s**2 + 3758*s. Calculate n(2).
-106
Suppose 29*l + 4 + 20 + 5 = 0. Let z(v) be the third derivative of 11*v**5/60 + v**4/24 + 2*v**2. Determine z(l).
10
Let i(n) be the third derivative of -n**4/12 - 17*n**3/6 + 6511*n**2. Give i(-8).
-1
Let y(p) be the third derivative of -p**6/10 - p**5/30 + p**4/12 - p**3/6 - 3*p**2. Suppose 6*h - o = 7*h + 84, -h - 5*o - 88 = 0. Let i = h + 84. What is y(i)?
-13
Let b be 7/((-21)/6) - 32. Let r = b + 36. Let q(a) = a**3 + 0*a**3 - 2*a**3 + 1 + 18*a**2 - 16*a**2. Give q(r).
1
Suppose -4 - 2 = -2*d. Let y = 165 + -163. Let k(r) = 8*r**2 + y*r - 11 + 4 + 3*r + r**d. Determine k(-7).
7
Suppose -2*s + s - 3*t + 7 = 0, -4*s = 5*t. Let h(j) be the second derivative of j**3/6 + j**2 + 859*j. Determine h(s).
-3
Let j(a) be the first derivative of -17*a**2/2 + 134*a + 152. Give j(8).
-2
Let u be 14 - (-4 + -2) - 7. Suppose -3*k - u + 4 = 0. Let g(f) = f**3 + 3*f**2 - 3*f - 2. Determine g(k).
7
Let n(b) = b**3 + b**2 - 3*b + 4. Let t be 0 + -9 + 96 + 0. Suppose -k + t = -30*k. What is n(k)?
-5
Let o be (-2)/4*-14 - (1 - -2). Let p(b) = 9*b. Let u(y) = 2*y. Let i(w) = w. Let f(d) = 5*i(d) - 5*u(d). Let c(g) = o*p(g) + 7*f(g). What is c(0)?
0
Let w(y) = 7*y**3 - 13*y**2 - 19*y - 8. Let j(m) = -39*m**3 + 67*m**2 + 96*m + 28. Let r(k) = 2*j(k) + 11*w(k). Calculate r(-7).
-11
Let t(r) = 3*r**2 + 210*r + 3570. Let y be t(-29). Let z(a) = -5*a**2 + 14*a + 9. Determine z(y).
6
Let h(i) = -i**3 - 5*i**2 - 3*i - 1. Let g(a) = 14*a**3 + 42*a**2 + 55*a + 149. Let l(z) = -g(z) - 16*h(z). Calculate l(-19).
0
Let g(c) be the first derivative of -c**3/3 + 6*c**2 - 7*c - 180. What is g(11)?
4
Let w(y) = y**3 - y**2 - y + 2. Let h(v) be the third derivative of -1/2*v**4 + 19*v**2 + 17/6*v**3 - 1/30*v**5 + 0 + 0*v. Let a be h(-7). What is w(a)?
17
Let j(i) = i**3 + 3*i**2 + 1. Let o(g) = g**2 + 7*g - 11. Let r = -24 - -33. Suppose -4*t - 13 = 2*a + r, -2*t - 6 = 2*a. Let c be o(t). Determine j(c).
1
Suppose 6*b - 40 = 2. Let w(n) = -6*n**2 + 2*n + 24. Let t(y) = 7*y**2 - y - 27. Let s(k) = -5*t(k) - 6*w(k). Determine s(b).
-9
Let a(u) = 22*u - 9. Let i = 5 + -8. Calculate a(i).
-75
Let g(b) = -3*b - 27. Let l(k) = 6*k**2 + 4*k + 4. Let t be l(-1). Suppose -t*q - 13 - 53 = 0. Calculate g(q).
6
Let g(i) = 23*i + 46. Let f be g(-2). Suppose 18*u + 8 - 26 = f. Let w(z) = 38*z**3 - 2*z**2 + 1. Give w(u).
37
Let k(s) be the first derivative of -4*s**2 + 2 - 8/3*s**3 - 5*s - 1/4*s**4. Determine k(-7).
2
Let d(z) be the second derivative of -20*z - 1/12*z**4 + 0 + z**2 + 1/6*z**3. Let x = 0 - 0. Calculate d(x).
2
Let k(i) = 4*i**2 - 24*i - 24. Suppose -146*z = -275*z - 129. Determine k(z).
4
Let s(o) = 3 - o + 5 + 8 - 7. Let w(y) be the third derivative of y**6/120 - y**5/12 - 7*y**4/24 + y**3 - 2*y**2. Let p be w(6). Determine s(p).
9
Let j(h) = 86 - 27*h - 56969*h**2 - 56976*h**2 + 113947*h**2. Calculate j(10).
16
Let k be (-15 + 116/8)*0. Let r(h) = -h - 93. Calculate r(k).
-93
Suppose -5*a - f + 3 = -8, a - 2*f = 0. Suppose 0*v = -a*v + 10. Suppose 2*m - 5*x + 6 = 3, m + v*x - 21 = 0. Let w(n) = -n - 2. Give w(m).
-8
Let p be (-4)/(-14) + (-2781)/(-189). Suppose 0 = p*m - 14*m - 6. Let b(w) = w**2 - 7*w - 1. Determine b(m).
-7
Let o(b) = -1065095*b - 5 + 2*b**3 + 1065095*b. Let s be (1 + (-2)/1)*0. Determine o(s).
-5
Let i(s) = -2*s**2 - 49*s + 85. Let d be -14 + (-3 - -3) - 12. Determine i(d).
7
Let m(k) be the second derivative of -k**2 - 1/6*k**3 - 3 - 6*k. Calculate m(-2).
0
Let m(r) = 4*r + 6. Let t be 3 + (-43)/(172/24). Determine m(t).
-6
Let f(w) = 0*w**3 + 34461*w**2 - 48 + w**3 + 44*w - 34484*w**2. Give f(21).
-6
Let u(m) = 2*m**2 - 17*m + 30. Let f be u(4). Let v(k) = 2*k + 2. Give v(f).
-10
Let u = -66 - -69. Let t(y) = 323*y**2 - 317*y**2 + y**3 + 4 - u + 6*y. Give t(-5).
-4
Let g(f) = f**2 + 14*f + 37. Let p = 3829 - 3834. Give g(p).
-8
Let r(a) = 5*a + 13. Suppose 5*c = -5*p - 25, -129*c = -130*c + 4*p - 20. Give r(c).
-27
Let d(y) = 176*y. Let l(p) = 11*p. Let t(u) = -2*d(u) + 33*l(u). Let c(o) = -o**2 + 7*o + 29. Let v be c(10). Let s be (v - 3/(-2))/((-24)/48). Determine t(s).
-11
Suppose 45 + 41 = 7*z + 121. Let m(d) be the second derivative of 0 - 6*d - 7/2*d**2 + 1/6*d**3. Give m(z).
-12
Let d be 1/((-2)/(2*3/(-3))). Suppose 3*j - 24 = -4*u, -j - 7 = -u - d. Let y(s) = 4*s - 7 + 0*s**3 + u*s**2 + s**3 - 6*s - 2*s. Give y(-6).
17
Let n(s) = 5*s**2 - 2*s + 31. Let l(a) = 28*a**2 - 9*a + 153. Let i(o) = -2*l(o) + 11*n(o). Calculate i(0).
35
Let m(o) = 13*o + 5 - 3*o**2 + 5 + 6. Let n be 0 + 0 - (10 - 17). Let q(f) = -2*f**2 + 9*f + 11. Let k(d) = n*q(d) - 5*m(d). Determine k(6).
21
Let u(r) = 7*r + 43. Let b be 2/(-5)*(-80)/(-16). Let g(s) = -9*s - 4. Let x(p) = -p + 1. Let m(y) = b*g(y) + 14*x(y). Let l(k) = -5*m(k) + 3*u(k). Give l(0).
19
Let o